{"id":2,"date":"2024-10-28T05:57:24","date_gmt":"2024-10-28T05:57:24","guid":{"rendered":"http:\/\/opus-nemo.put.poznan.pl\/?page_id=2"},"modified":"2026-03-26T15:09:48","modified_gmt":"2026-03-26T15:09:48","slug":"sample-page","status":"publish","type":"page","link":"https:\/\/opus-nemo.put.poznan.pl\/?page_id=2","title":{"rendered":"Project Team"},"content":{"rendered":"\n<p>Dominik Belter &#8211; Project leader<\/p>\n\n\n\n<p>Bart\u0142omiej Kulecki &#8211; Neural constraints in motion planning<\/p>\n\n\n\n<p>Kamil M\u0142odzikowski &#8211; Environment representation in Reinforcement Learning<\/p>\n\n\n\n<p>Miko\u0142aj Zieli\u0144ski &#8211; Dynamic NeRF models<\/p>\n\n\n\n<p>Marcin Czajka &#8211; Motion planning with Euclidean Fields<\/p>\n\n\n\n<p>Bart\u0142omiej Hryniewski &#8211; Motion planning, robot control<\/p>\n\n\n\n<p>Eldaniz Babayev &#8211; Motion planning with Euclidean Fields<\/p>\n\n\n\n<p><\/p>\n","protected":false},"excerpt":{"rendered":"<p>Dominik Belter &#8211; Project leader Bart\u0142omiej Kulecki &#8211; Neural constraints in motion planning Kamil M\u0142odzikowski &#8211; Environment representation in Reinforcement Learning Miko\u0142aj Zieli\u0144ski &#8211; Dynamic NeRF models Marcin Czajka &#8211; Motion planning with Euclidean Fields Bart\u0142omiej Hryniewski &#8211; Motion planning, robot control Eldaniz Babayev &#8211; Motion planning with Euclidean Fields<\/p>\n","protected":false},"author":1,"featured_media":0,"parent":0,"menu_order":0,"comment_status":"closed","ping_status":"open","template":"","meta":{"footnotes":""},"class_list":["post-2","page","type-page","status-publish","czr-hentry"],"_links":{"self":[{"href":"https:\/\/opus-nemo.put.poznan.pl\/index.php?rest_route=\/wp\/v2\/pages\/2","targetHints":{"allow":["GET"]}}],"collection":[{"href":"https:\/\/opus-nemo.put.poznan.pl\/index.php?rest_route=\/wp\/v2\/pages"}],"about":[{"href":"https:\/\/opus-nemo.put.poznan.pl\/index.php?rest_route=\/wp\/v2\/types\/page"}],"author":[{"embeddable":true,"href":"https:\/\/opus-nemo.put.poznan.pl\/index.php?rest_route=\/wp\/v2\/users\/1"}],"replies":[{"embeddable":true,"href":"https:\/\/opus-nemo.put.poznan.pl\/index.php?rest_route=%2Fwp%2Fv2%2Fcomments&post=2"}],"version-history":[{"count":2,"href":"https:\/\/opus-nemo.put.poznan.pl\/index.php?rest_route=\/wp\/v2\/pages\/2\/revisions"}],"predecessor-version":[{"id":48,"href":"https:\/\/opus-nemo.put.poznan.pl\/index.php?rest_route=\/wp\/v2\/pages\/2\/revisions\/48"}],"wp:attachment":[{"href":"https:\/\/opus-nemo.put.poznan.pl\/index.php?rest_route=%2Fwp%2Fv2%2Fmedia&parent=2"}],"curies":[{"name":"wp","href":"https:\/\/api.w.org\/{rel}","templated":true}]}}